*v - 4. Let t be y(h). Calculate q(t).
3
Let d(c) = c**2 - 5*c. Let t(h) be the second derivative of 3*h**5/10 - h**4/3 + 5*h**3/6 - h**2/2 - 9*h. Let q be t(1). Determine d(q).
6
Let o be 18/24*8/2. Suppose 15 = 5*c + 2*g, c = -g + o - 0. Suppose -4*k + z = -2*z + 29, -z + 23 = -c*k. Let r(t) = 2*t + 8. Determine r(k).
-8
Let l(p) = -4*p - 57. Let a(k) = -2*k + 2. Let d(i) = -5*i - 14. Let t(b) = 2*a(b) - d(b). Let x(r) = 2*l(r) + 7*t(r). Determine x(8).
4
Let f be (5 + (-21)/6)*64/12. Let l(s) be the third derivative of -s**5/60 + 5*s**4/12 - 2*s**3 - 2*s**2. What is l(f)?
4
Let q = -2605 + 2606. Let c(l) = -9*l + 3. Calculate c(q).
-6
Suppose 3*w + 44 = -w. Let n(k) be the first derivative of -k**3/3 - 5*k**2 - 9*k + 62. Calculate n(w).
-20
Let x(s) be the second derivative of -4*s**3/3 - 17*s**2/2 + 14*s - 32. What is x(-8)?
47
Let h(g) = g**3 - 8*g**2 + 7*g + 4. Let s = 445 + -441. Suppose -23 = -2*r + 3*c, 0*c - c = s*r - 25. Determine h(r).
4
Let g(c) = -33*c - 4 - 42*c + 103*c + 10 - 33*c. Calculate g(5).
-19
Let f(l) be the first derivative of l**3/3 - 6*l**2 + 26*l + 2322. What is f(9)?
-1
Let f(s) be the third derivative of s**6/60 - s**5/10 + s**4/24 - 1347*s**2 + 1. What is f(4)?
36
Let n = -46 + 114. Suppose 7*r - n = 247. Let z be 20/r*9/6*-3. Let f(q) = -4*q - 1. What is f(z)?
7
Let p be 6/14 - 5959/707. Let x(s) = -s**3 - 7*s**2 + 3*s - 44. Give x(p).
-4
Let s(c) = c + 21. Let p(l) = -2*l - 55. Let n(o) = 6*p(o) + 14*s(o). Determine n(-20).
-76
Let p(h) be the third derivative of -h**5/30 + 5*h**3/3 - 531*h**2. What is p(-3)?
-8
Let c(r) be the first derivative of r**3/3 + 3*r**2/2 - r - 24220. Suppose 2*g + 5*p = -7, -2*g - p = 1 + 10. What is c(g)?
17
Let k = 1586 - 982. Let p(h) = -h**2 + 298 - k + 303 - 12*h. What is p(-12)?
-3
Let h be (4 - 1)/((-454)/(-151) + -3). Let y(x) = -474*x + h*x + 3 - 4. Give y(1).
-22
Let v(c) be the third derivative of -c**6/120 - c**5/6 - c**4/4 + 11*c**3/6 + 1733*c**2 - 1. Give v(-8).
-69
Let l(f) be the second derivative of f**4/12 - f**3/3 + 7*f**2/2 + 107*f - 5. Calculate l(4).
15
Let d(q) = q**3 - 2*q**2 - 4*q. Suppose -2*n + 3 = -5*t + 29, 5*n = 3*t - 27. Determine d(n).
-33
Let m(u) = u**2 - 3*u + 1. Let x(i) = i**3 - 2*i**2 + 4*i - 29. Let o(l) = 2*m(l) + x(l). Give o(0).
-27
Let h(m) be the first derivative of -m**3/2 + 69*m + 188. Let x(f) be the first derivative of h(f). What is x(2)?
-6
Let z(s) = 107*s + 538. Let p be ((-3 - -10) + -5 + -7)*(-6 + 7). Give z(p).
3
Let c(g) be the first derivative of g**6/45 - g**4/12 - 20*g**3/3 + 98. Let h(d) be the third derivative of c(d). What is h(2)?
30
Let b(p) be the second derivative of -p**3/6 - 13*p**2/2 - 904*p - 1. Calculate b(-18).
5
Let t(g) be the first derivative of -1/3*g**3 + 2 - g**2 + 0*g. Let k(n) = 4*n + 23. Let x be k(-7). Calculate t(x).
-15
Let b be 20/(-15)*306/(-8). Let c(g) = -27 - g - 28 + b. Let i = -6 - -6. What is c(i)?
-4
Let o(c) = -2*c**2 + 137*c - 18*c - 29 - 52*c. Give o(33).
4
Let m = -15 + 22. Let j(p) = -38*p - 1809. Let f(b) = -11*b - 516. Let i(o) = 14*f(o) - 4*j(o). Give i(m).
-2
Let r = 2661 - 2669. Let k(o) = -o**3 - 6*o**2 + 16*o - 3. Determine k(r).
-3
Let g(t) = -6*t**2 + 55*t - 16. Let c be (3 - 15/(-4))/(417/556). What is g(c)?
-7
Let r(a) = -a - 2. Let v(z) = z**2 - 12*z + 17. Let x = -394 + 403. Let g be v(x). Determine r(g).
8
Let m be (10 + -7 - 4)/(1/145). Let d = 145 + m. Let g(b) be the first derivative of b**4/4 + b**3/3 - b**2/2 - 9*b + 4. Give g(d).
-9
Let z(r) = -9*r + 3. Let c be 81/(-135) - (3 - (-23)/(-5)). Determine z(c).
-6
Suppose 2 = -s - 2. Let u(h) be the third derivative of h**6/120 + h**5/15 - h**3 + 466*h**2. What is u(s)?
-6
Let p(c) = c**3 + 6*c**2 + 4*c - 3. Let k(n) = 2*n**2 - 50*n - 25. Let w be k(26). Suppose 90 - w = 3*j. Let y be ((-14)/j)/(4/30). What is p(y)?
2
Let k(n) be the first derivative of 9*n**2/2 + 87*n - 7504. What is k(-8)?
15
Let o(l) = 18*l**3 - 30*l**2 + 4*l - 4. Let n be o(2). Let s(a) = a**3 - 26*a**2 - 56*a - 23. Give s(n).
-23
Let g(z) = z**2 + 5*z - 19. Let d be g(-8). Suppose 17 = -d*s - 13. Let f(b) = b**3 - 3 + 8*b**2 + 51*b - 46*b - b**2. What is f(s)?
3
Let y(j) be the second derivative of j**4/12 - 3*j**3/2 - j**2 - j. Let t be (((-50)/3)/10)/(586/(-48) + 12). Calculate y(t).
-10
Let c(u) = 6*u - 13. Let d(x) = -x**3 + 35*x**2 + 115*x - 31. Let g be d(38). What is c(g)?
29
Let r(n) = n**2 - 62*n - 39. Let l be r(45). Let s = l - -797. Let i(u) = -4*u - 4. Determine i(s).
24
Let v(p) be the first derivative of -p**3/3 - 5*p**2 + 70*p + 676. Calculate v(5).
-5
Suppose 0 = -2*v - 5*m + 4, -8 = -3*v + 2*m - 2. Let l(p) be the first derivative of p**4/4 + p**3/3 - 5*p**2/2 + 2*p - 410. Give l(v).
4
Let f(x) = -7*x - 1. Let z(q) = 27*q + 4. Let m(v) = 4*f(v) + z(v). What is m(9)?
-9
Suppose 3*s - 24 = 3*t, -2*s = 5*t - 39 + 9. Suppose 0 = s*u - u - 45. Let b(c) = 2*c - 5. Calculate b(u).
5
Suppose 648 = 7*t + 333. Let h(v) = -26*v - 21*v + t*v + 3 - 1. Calculate h(11).
-20
Suppose -3*a + 3 + 5 = -5*h, -3*a + 4*h + 7 = 0. Let v be 0 - (-8 - -3) - a. Let j(l) = l**2 - 10*l + 5. Determine j(v).
-19
Let r(i) be the first derivative of i**3/3 + 9*i**2/2 - 16*i - 1481. What is r(-7)?
-30
Let v(k) be the second derivative of 1/3*k**3 + 2*k - 5 + 1/2*k**2. Determine v(7).
15
Let d(a) = -14*a**2 - a + 1. Let j = 661 - 180. Let r = j - 480. What is d(r)?
-14
Let g(l) = -74*l + 34. Let z(u) = -86*u + 34. Let d(r) = 7*g(r) - 6*z(r). Calculate d(22).
-10
Let h be (4/5)/((-54)/(-405)). Let m(s) = -3 - 4 - h*s + 22 - 11 - 1. Determine m(6).
-33
Let a(w) = 7 + 26*w + 12 - 21 + 8. What is a(3)?
84
Let k be (-1 - -5)/(6/(-12)). Let w(n) = -5*n**2 - 42*n - 14. Calculate w(k).
2
Let f(r) = 1 - 1 - 4 + 3*r. Let x be f(3). Let y(g) = 4*g**2 - g**3 + 10*g**2 + 3*g + 209723 - 209717 - 10*g**2. Determine y(x).
-4
Let h(y) = 14*y**2 + 13*y + 16*y - 3 + 18 - 3*y**2. Let f(s) = -8*s**2 - 19*s - 10. Let v(x) = -7*f(x) - 5*h(x). Give v(12).
-5
Let z(f) = f**3 - 7*f**2 + 9*f - 1. Let d(x) = 10*x**2 - 2*x + 4. Let a be d(2). Suppose a*k = 48*k - 48. Give z(k).
17
Suppose 179 = 9*o + 251. Let a(p) = 2*p**2 + 17*p + 22. Calculate a(o).
14
Let b(a) = -34*a + 68. Suppose 25*s - 26*s = -2. Let g be b(s). Let p(m) = 9 - 4 + 2*m**2 + m**3 - m**2. What is p(g)?
5
Let g(v) = -1 + 5 + 1 - 4*v + v**2 - 4. Let m be (384/(-15))/((-4)/10). Let o = m + -58. What is g(o)?
13
Let u be ((-18)/45)/((-8)/(-280)). Let w(g) = -g**2 - 15*g + 9. Give w(u).
23
Let y be (-2)/10 - 5152/40. Let n = y - -119. Let s(m) = -2*m - 15. Calculate s(n).
5
Let c(s) be the third derivative of -s**6/120 - s**5/15 + s**4/8 + 7*s**3/6 - 6*s**2. Suppose 4*h = -3*q - 11, 9*q - 6 = 7*q. What is c(h)?
17
Let r(d) = 7 - 4*d - d**2 + 0*d + 1 + 0*d. Let l be (-4)/(-14) + 560/98. Let m be 3*-4*3/l. What is r(m)?
-4
Let j(s) be the first derivative of 1/2*s**2 + 0*s + 11/3*s**3 + 5. Suppose 84 = 70*h + 14. What is j(h)?
12
Let m(j) = 3057*j - 3050*j - 9 + 12 - 4*j**2 + 3*j**2 + 3*j**2. Let h = -11 - -9. What is m(h)?
-3
Let v(a) = -7*a**2 - 176 + 6*a**2 - 181 - 180 - a + 545. What is v(11)?
-124
Let k = -7 + 18. Let p(d) = 7*d + 128*d**2 + k + 124*d**2 - 251*d**2. Determine p(-5).
1
Let a = 78 - 73. Let g be 58/(-6)*-3 - (-3 + a). Let t(f) = 1 - g*f**2 - f + 26*f**2 + 0*f. Determine t(-1).
1
Let f(a) = -5*a + 41. Let j = -31 + 39. Let h be f(j). Suppose w - 2*p + h = -2, -3*w + 2*p = -11. Let g(q) = -q**3 + 7*q**2 + 3*q - 6. What is g(w)?
15
Let u be -2*5 - (-9 + 20/4). Suppose l = -0*l - 2. Let j = l - u. Let b(w) = w**3 - 5*w**2 + 2*w + 2. Calculate b(j).
-6
Let x(s) be the third derivative of s**5/30 + s**4/12 + s**3/6 - 735*s**2. What is x(3)?
25
Let b(v) = 3*v - 246. Let g(o) = -6*o + 574. Let q(k) = -7*b(k) - 3*g(k). Suppose -u = 4*u - 20. Suppose -5*h + 26 = -u*y + 3*y, 0 = 5*h - 25. Give q(y).
3
Let y = 5 - 3. Let d(m) be the first derivative of 5*m**2/2 + 6*m + 1991. Let i(c) = c. Let r(n) = y*i(n) - d(n). Determine r(-4).
6
Let j be 9*2/(-15)*((-140)/42 + 0). Let t(o) = -o + 2*o - 7 - 2. What is t(j)?
-5
Let o(a) = 4 - 3 - 6 - 7*a + 4. Let g(k) = -6*k - 1. Let h(l) = -l**3 + 8*l**2 + 8*l + 4. Let q be h(9). Let r(v) = q*o(v) + 6*g(v). Determine r(-3).
2
Let a(t) = -t + 3. Suppose -5*p - 5 = -10*p. Let r be 20/11